{"id":399,"date":"2025-07-23T10:24:18","date_gmt":"2025-07-23T13:24:18","guid":{"rendered":"https:\/\/www.arthrom.com\/novo\/produto\/produto-29\/"},"modified":"2025-07-30T09:38:23","modified_gmt":"2025-07-30T12:38:23","slug":"dispositivo-toggleloc-ziploop","status":"publish","type":"product","link":"https:\/\/www.arthrom.com\/novo\/produto\/dispositivo-toggleloc-ziploop\/","title":{"rendered":"Dispositivo ToggleLoc\u2122 com tecnologia ZipLoop\u00ae"},"content":{"rendered":"","protected":false},"excerpt":{"rendered":"<p>O dispositivo ToggleLoc com tecnologia ZipLoop para reconstru\u00e7\u00e3o do LCA foi projetado para uso tanto no portal transtibial quanto no portal anteromedial, e a tens\u00e3o pode ser aplicada do lado femoral ap\u00f3s a fixa\u00e7\u00e3o tibial ter sido alcan\u00e7ada. Este dispositivo sem n\u00f3s tamb\u00e9m permite uma altera\u00e7\u00e3o no comprimento do seu la\u00e7o para que ele caiba em praticamente qualquer comprimento de t\u00fanel.<\/p>\n<p><strong>Principais Caracter\u00edsticas e Diferenciais<\/strong><\/p>\n<ul>\n<li><strong>Versatilidade de uso<\/strong>: Indicado tanto para abordagem por portal transtibial quanto anteromedial.<\/li>\n<li><strong>Aplica\u00e7\u00e3o de tens\u00e3o<\/strong>: Permite a aplica\u00e7\u00e3o da tens\u00e3o do lado femoral, ap\u00f3s a fixa\u00e7\u00e3o do lado tibial j\u00e1 ter sido realizada.<\/li>\n<li><strong>Sem n\u00f3s<\/strong>: O dispositivo \u00e9 projetado para n\u00e3o utilizar n\u00f3s, proporcionando maior praticidade e menos volume residual na articula\u00e7\u00e3o.<\/li>\n<li><strong>Ajuste universal<\/strong>: O comprimento do la\u00e7o pode ser alterado, tornando o implante compat\u00edvel com praticamente qualquer comprimento de t\u00fanel femoral \u2014 isto confere grande versatilidade intraoperat\u00f3ria e facilita o trabalho do cirurgi\u00e3o.<\/li>\n<li><strong>Retensionamento femoral<\/strong>: Oferece a possibilidade de retensionar o sistema posteriormente \u00e0 fixa\u00e7\u00e3o tibial, aumentando a seguran\u00e7a da reconstru\u00e7\u00e3o.<\/li>\n<li><strong>Instru\u00e7\u00f5es flex\u00edveis de uso<\/strong>: Possui possibilidade de compacta\u00e7\u00e3o padr\u00e3o ou retro (ZipLoop Inline), al\u00e9m de op\u00e7\u00f5es de resgate (bot\u00e3o XL) para situa\u00e7\u00f5es complexas.<\/li>\n<\/ul>\n<hr \/>\n<p><strong>Benef\u00edcios Resumidos<\/strong><\/p>\n<ul>\n<li>Implante de tamanho \u00fanico, adapt\u00e1vel a diferentes comprimentos de t\u00fanel femoral.<\/li>\n<li>Facilita o procedimento cir\u00fargico com la\u00e7o ajust\u00e1vel, dispensando n\u00f3s volumosos.<\/li>\n<li>Otimizado para reprodutibilidade, precis\u00e3o e facilidade de uso, tanto em cirurgia aberta quanto artrosc\u00f3pica.<\/li>\n<\/ul>\n<p><!-- notionvc: dea8d87c-dbb7-4b33-b90a-13f9a924571d --><\/p>\n","protected":false},"featured_media":532,"template":"","meta":{"site-sidebar-layout":"default","site-content-layout":"","ast-site-content-layout":"default","site-content-style":"default","site-sidebar-style":"default","ast-global-header-display":"","ast-banner-title-visibility":"","ast-main-header-display":"","ast-hfb-above-header-display":"","ast-hfb-below-header-display":"","ast-hfb-mobile-header-display":"","site-post-title":"","ast-breadcrumbs-content":"","ast-featured-img":"","footer-sml-layout":"","ast-disable-related-posts":"","theme-transparent-header-meta":"default","adv-header-id-meta":"","stick-header-meta":"","header-above-stick-meta":"","header-main-stick-meta":"","header-below-stick-meta":"","astra-migrate-meta-layouts":"set","ast-page-background-enabled":"default","ast-page-background-meta":{"desktop":{"background-color":"","background-image":"","background-repeat":"repeat","background-position":"center center","background-size":"auto","background-attachment":"scroll","background-type":"","background-media":"","overlay-type":"","overlay-color":"","overlay-opacity":"","overlay-gradient":""},"tablet":{"background-color":"","background-image":"","background-repeat":"repeat","background-position":"center center","background-size":"auto","background-attachment":"scroll","background-type":"","background-media":"","overlay-type":"","overlay-color":"","overlay-opacity":"","overlay-gradient":""},"mobile":{"background-color":"","background-image":"","background-repeat":"repeat","background-position":"center center","background-size":"auto","background-attachment":"scroll","background-type":"","background-media":"","overlay-type":"","overlay-color":"","overlay-opacity":"","overlay-gradient":""}},"ast-content-background-meta":{"desktop":{"background-color":"var(--ast-global-color-5)","background-image":"","background-repeat":"repeat","background-position":"center center","background-size":"auto","background-attachment":"scroll","background-type":"","background-media":"","overlay-type":"","overlay-color":"","overlay-opacity":"","overlay-gradient":""},"tablet":{"background-color":"var(--ast-global-color-5)","background-image":"","background-repeat":"repeat","background-position":"center center","background-size":"auto","background-attachment":"scroll","background-type":"","background-media":"","overlay-type":"","overlay-color":"","overlay-opacity":"","overlay-gradient":""},"mobile":{"background-color":"var(--ast-global-color-5)","background-image":"","background-repeat":"repeat","background-position":"center center","background-size":"auto","background-attachment":"scroll","background-type":"","background-media":"","overlay-type":"","overlay-color":"","overlay-opacity":"","overlay-gradient":""}}},"product_brand":[],"product_cat":[101],"product_tag":[],"class_list":{"0":"post-399","1":"product","2":"type-product","3":"status-publish","4":"has-post-thumbnail","6":"product_cat-joelho","7":"desktop-align-left","8":"tablet-align-left","9":"mobile-align-left","11":"first","12":"instock","13":"shipping-taxable","14":"product-type-simple"},"_links":{"self":[{"href":"https:\/\/www.arthrom.com\/novo\/wp-json\/wp\/v2\/product\/399","targetHints":{"allow":["GET"]}}],"collection":[{"href":"https:\/\/www.arthrom.com\/novo\/wp-json\/wp\/v2\/product"}],"about":[{"href":"https:\/\/www.arthrom.com\/novo\/wp-json\/wp\/v2\/types\/product"}],"wp:featuredmedia":[{"embeddable":true,"href":"https:\/\/www.arthrom.com\/novo\/wp-json\/wp\/v2\/media\/532"}],"wp:attachment":[{"href":"https:\/\/www.arthrom.com\/novo\/wp-json\/wp\/v2\/media?parent=399"}],"wp:term":[{"taxonomy":"product_brand","embeddable":true,"href":"https:\/\/www.arthrom.com\/novo\/wp-json\/wp\/v2\/product_brand?post=399"},{"taxonomy":"product_cat","embeddable":true,"href":"https:\/\/www.arthrom.com\/novo\/wp-json\/wp\/v2\/product_cat?post=399"},{"taxonomy":"product_tag","embeddable":true,"href":"https:\/\/www.arthrom.com\/novo\/wp-json\/wp\/v2\/product_tag?post=399"}],"curies":[{"name":"wp","href":"https:\/\/api.w.org\/{rel}","templated":true}]}}