{"id":398,"date":"2025-07-23T10:24:18","date_gmt":"2025-07-23T13:24:18","guid":{"rendered":"https:\/\/www.arthrom.com\/novo\/produto\/produto-28\/"},"modified":"2025-07-30T09:27:41","modified_gmt":"2025-07-30T12:27:41","slug":"sutura-de-menisco-juggerstitch","status":"publish","type":"product","link":"https:\/\/www.arthrom.com\/novo\/produto\/sutura-de-menisco-juggerstitch\/","title":{"rendered":"Sutura de Menisco JuggerStitch\u2122"},"content":{"rendered":"","protected":false},"excerpt":{"rendered":"<p>A JuggerStitch\u2122 \u00e9 um sistema de sutura meniscal com tecnologia All-inside, All-suture, Knotless (toda interna, totalmente em fio e sem n\u00f3). Desenvolvida pela equipe de Sports Medicine da Zimmer Biomet, essa solu\u00e7\u00e3o inovadora foi criada para facilitar e otimizar o reparo meniscal, seguindo um legado de tecnologia avan\u00e7ada em \u00e2ncoras suaves.<\/p>\n<hr \/>\n<p><strong>Principais Caracter\u00edsticas<\/strong><\/p>\n<ul>\n<li>Implante meniscal All-inside, All-suture, Knotless: Dispensa o uso de \u00e2ncoras pl\u00e1sticas r\u00edgidas e elimina n\u00f3s duros na superf\u00edcie do menisco, oferecendo maior conforto p\u00f3s-operat\u00f3rio e reduzindo risco de complica\u00e7\u00f5es locais.<\/li>\n<li>Mecanismo de entrega ergon\u00f4mico: O aplicador foi desenhado para facilitar a inser\u00e7\u00e3o do implante, garantindo rapidez e precis\u00e3o durante o procedimento cir\u00fargico.<\/li>\n<li>Agulha com ponta c\u00f4nica de baixo perfil: Desenvolvida para minimizar o trauma ao tecido meniscal durante a inser\u00e7\u00e3o, reduzindo o risco de corte ou les\u00e3o adicional ao menisco.<\/li>\n<li>\u00a0Tensionamento controlado: Permite ao cirurgi\u00e3o ajustar o grau de tens\u00e3o na sutura durante o procedimento, promovendo adapta\u00e7\u00e3o personalizada \u00e0 anatomia de cada les\u00e3o.<\/li>\n<\/ul>\n<hr \/>\n<p><strong>Benef\u00edcios do Produto<\/strong><\/p>\n<ul>\n<li>Implanta\u00e7\u00e3o r\u00e1pida e simplificada<\/li>\n<li>Reduz o risco de danos ao tecido meniscal<\/li>\n<li>Elimina necessidade de n\u00f3s duros e \u00e2ncoras r\u00edgidas<\/li>\n<li>Facilita o controle de tens\u00e3o na sutura, adaptando-se ao tratamento de diferentes tipos de les\u00f5es meniscais<\/li>\n<\/ul>\n<p><!-- notionvc: 8e7b68f6-683a-4bca-9771-66340aca6322 --><\/p>\n","protected":false},"featured_media":495,"template":"","meta":{"site-sidebar-layout":"default","site-content-layout":"","ast-site-content-layout":"default","site-content-style":"default","site-sidebar-style":"default","ast-global-header-display":"","ast-banner-title-visibility":"","ast-main-header-display":"","ast-hfb-above-header-display":"","ast-hfb-below-header-display":"","ast-hfb-mobile-header-display":"","site-post-title":"","ast-breadcrumbs-content":"","ast-featured-img":"","footer-sml-layout":"","ast-disable-related-posts":"","theme-transparent-header-meta":"default","adv-header-id-meta":"","stick-header-meta":"","header-above-stick-meta":"","header-main-stick-meta":"","header-below-stick-meta":"","astra-migrate-meta-layouts":"set","ast-page-background-enabled":"default","ast-page-background-meta":{"desktop":{"background-color":"","background-image":"","background-repeat":"repeat","background-position":"center center","background-size":"auto","background-attachment":"scroll","background-type":"","background-media":"","overlay-type":"","overlay-color":"","overlay-opacity":"","overlay-gradient":""},"tablet":{"background-color":"","background-image":"","background-repeat":"repeat","background-position":"center center","background-size":"auto","background-attachment":"scroll","background-type":"","background-media":"","overlay-type":"","overlay-color":"","overlay-opacity":"","overlay-gradient":""},"mobile":{"background-color":"","background-image":"","background-repeat":"repeat","background-position":"center center","background-size":"auto","background-attachment":"scroll","background-type":"","background-media":"","overlay-type":"","overlay-color":"","overlay-opacity":"","overlay-gradient":""}},"ast-content-background-meta":{"desktop":{"background-color":"var(--ast-global-color-5)","background-image":"","background-repeat":"repeat","background-position":"center center","background-size":"auto","background-attachment":"scroll","background-type":"","background-media":"","overlay-type":"","overlay-color":"","overlay-opacity":"","overlay-gradient":""},"tablet":{"background-color":"var(--ast-global-color-5)","background-image":"","background-repeat":"repeat","background-position":"center center","background-size":"auto","background-attachment":"scroll","background-type":"","background-media":"","overlay-type":"","overlay-color":"","overlay-opacity":"","overlay-gradient":""},"mobile":{"background-color":"var(--ast-global-color-5)","background-image":"","background-repeat":"repeat","background-position":"center center","background-size":"auto","background-attachment":"scroll","background-type":"","background-media":"","overlay-type":"","overlay-color":"","overlay-opacity":"","overlay-gradient":""}}},"product_brand":[],"product_cat":[101],"product_tag":[],"class_list":{"0":"post-398","1":"product","2":"type-product","3":"status-publish","4":"has-post-thumbnail","6":"product_cat-joelho","7":"desktop-align-left","8":"tablet-align-left","9":"mobile-align-left","11":"first","12":"instock","13":"shipping-taxable","14":"product-type-simple"},"_links":{"self":[{"href":"https:\/\/www.arthrom.com\/novo\/wp-json\/wp\/v2\/product\/398","targetHints":{"allow":["GET"]}}],"collection":[{"href":"https:\/\/www.arthrom.com\/novo\/wp-json\/wp\/v2\/product"}],"about":[{"href":"https:\/\/www.arthrom.com\/novo\/wp-json\/wp\/v2\/types\/product"}],"wp:featuredmedia":[{"embeddable":true,"href":"https:\/\/www.arthrom.com\/novo\/wp-json\/wp\/v2\/media\/495"}],"wp:attachment":[{"href":"https:\/\/www.arthrom.com\/novo\/wp-json\/wp\/v2\/media?parent=398"}],"wp:term":[{"taxonomy":"product_brand","embeddable":true,"href":"https:\/\/www.arthrom.com\/novo\/wp-json\/wp\/v2\/product_brand?post=398"},{"taxonomy":"product_cat","embeddable":true,"href":"https:\/\/www.arthrom.com\/novo\/wp-json\/wp\/v2\/product_cat?post=398"},{"taxonomy":"product_tag","embeddable":true,"href":"https:\/\/www.arthrom.com\/novo\/wp-json\/wp\/v2\/product_tag?post=398"}],"curies":[{"name":"wp","href":"https:\/\/api.w.org\/{rel}","templated":true}]}}